*a + 17. Let o(p) = -4*p**2 + 37*p - 33. Let y(r) = -6*o(r) - 13*q(r). Give y(4).
-7
Let f(b) = b**2 + 13*b + 11. Let r be f(-14). Let n(g) = g - 28. Let y be n(r). Let i(t) = -t**3 - 3*t**2 - t - 1. Determine i(y).
2
Let o be 3/3 + (-5 - -7). Suppose -o*r - 4*i + 32 = 7, 0 = 2*r - 2*i - 40. Let k(c) = c - 14. Calculate k(r).
1
Suppose 5*p = 4*n - 1085, -2*n + 1095 = -5*p - 0*n. Let i = p - -351. Let f be (-4)/(-6) - (i/(-6))/5. Let m(o) = -o + 7. Calculate m(f).
2
Let n(k) = -11*k + 33. Let h be 16/6 - 20/(-60). Let l be n(h). Let c(q) = q**3 - q**2 - q - 8. Determine c(l).
-8
Let a(y) = -35*y + 9. Let b = -8227 + 8229. Give a(b).
-61
Let a(g) = 32*g**2 - 17*g + 1. Let z = 8437 + -8435. Give a(z).
95
Let l(z) = z**2 - z - 2. Suppose -15 + 3 = 2*n. Let v(r) = 2*r**2 - 2*r - 8. Let s(q) = n*l(q) + 2*v(q). Calculate s(-3).
-28
Suppose 0 = -428*u + 574*u. Let b(p) = p**2 + 111*p + 9. What is b(u)?
9
Let t = -250 + 267. Suppose -16 = 11*y + t. Let f(u) = u**2 + 4*u + 2. Calculate f(y).
-1
Let q(g) = 6*g + 65. Suppose -4*r = l + 17, 329*l + r = 333*l + 68. Determine q(l).
-37
Suppose -3*a + 10 = 2*a. Let q = a + -7. Let s(d) = -169*d + 64*d + 2 + 106*d. Give s(q).
-3
Let c(w) be the third derivative of -1/8*w**4 + 0*w**3 - 1/60*w**5 + 0 - 2*w**2 + 0*w. Suppose -526*v + 427*v = 297. What is c(v)?
0
Let p(c) be the third derivative of -c**8/5040 - c**6/720 + c**5/30 - 19*c**4/24 - c**2 - 9. Let k(a) be the third derivative of p(a). Calculate k(1).
-5
Suppose -7*r + 11 - 4 = 0. Let q(o) = 268*o**2 + 3*o - 2*o - o - 300*o**2. Determine q(r).
-32
Let x(n) = 307*n**2 + 6 - 151*n**2 - 7 - 157*n**2 + 4*n. Calculate x(9).
-46
Let s(r) be the third derivative of -r**6/360 + r**5/12 - r**4/24 - 10*r**3 - 78*r**2. Let c(v) be the first derivative of s(v). Give c(8).
15
Let w(i) be the second derivative of -4*i**4/3 + 2*i**3/3 - i**2 + 3*i. Let m = 88739 - 88737. Give w(m).
-58
Let p(y) be the first derivative of -5*y**2/2 - 33*y + 1913. Give p(-9).
12
Suppose -14 = 10*s + 16. Let n(v) be the second derivative of -v**4/12 - v**3/6 + v**2 + 39*v. Give n(s).
-4
Let m(g) = g**3 - 10*g**2 - 12*g + 11. Let q = -349 - -379. Suppose 5*v = -2*i + 37, 3*i = -5*v + q + 18. Calculate m(i).
0
Let p(j) = 2*j**2 + j - 1. Let v be p(1). Suppose 7*i = -v*i. Let s(t) = i*t + 2 - 2 - t + 1. Calculate s(3).
-2
Let j(z) = 626900*z + 7*z**2 - z**3 - 626921*z - 92 + 3*z**2 - 21 + 2*z**3. Calculate j(-11).
-3
Let n(u) be the third derivative of 0*u + 0*u**4 + 0 - 1/120*u**6 - 1/3*u**3 - 1/20*u**5 + 58*u**2. Calculate n(-4).
14
Let c be 0 - 10 - 3668/(-393) - 10/(-15). Let m(a) = a**2 + 3*a + 21. Give m(c).
21
Let r(d) = -d**3 - 9*d**2 + 4*d. Suppose -3*b + 23*i = 21*i - 115, -2*b + 2*i = -80. Suppose q + 2*c - 1 = 0, 0 = -6*q + q - 2*c - b. Determine r(q).
-36
Let m(n) be the second derivative of n**4/12 - 2*n**3 - 4*n**2 + 771*n. Let q(p) = -p**3 + 4*p**2 - 4*p + 15. Let z be q(3). Give m(z).
-8
Let y(x) be the first derivative of x**2/2 + 40*x + 16. Let w be y(-26). Let n(r) = -2*r**2 + 3*r**2 - 11*r + w*r - 4 - 10*r. Calculate n(7).
-4
Let c = -208 + 211. Let j(q) = -4*q**2 + 3*q + 8 - 6*q + 3*q**2 - c*q. Calculate j(-7).
1
Let w be (-6 - -8)*14/4. Suppose w = 7*b - 21. Let g be -4 + 0*b/24*-3. Let a(u) = u + 1. Calculate a(g).
-3
Let r = 1655 + -1655. Let h(n) = -n**2 + 42. Calculate h(r).
42
Let t be 5 - (3 + -6) - (2 - 7). Let x(v) = -2*v**3 + 25*v**2 + 7*v + 31. Calculate x(t).
-47
Let m(n) be the third derivative of 1/24*n**4 + 0 + 0*n - n**2 - 2/3*n**3. Let o be 11 + 630/(-60) - (-1)/(-2). Give m(o).
-4
Let g(c) = -12*c**3 - 46*c**2 - 75*c + 92. Let i(q) = -19*q**3 - 69*q**2 - 112*q + 140. Let u(n) = 8*g(n) - 5*i(n). Determine u(-21).
-6
Let k = -61 - -67. Let s(v) = -4*v**3 - 9*v**2 - 4*v - 5. Let u(h) = 5*h**3 + 10*h**2 + 5*h + 6. Let p(a) = k*s(a) + 5*u(a). What is p(5)?
30
Suppose o - l - 12 = -o, 5*o - 16 = -l. Suppose o*q + 5*z - 3 = -0, 0 = -2*q - 4*z. Let p(v) = 3*v**3 + 2*v**2 - 3*v. Give p(q).
26
Let p(q) = -q - 3. Let a(h) = 4 - h**2 + 3*h**2 - 3*h**2. Let o = -1990 + 1993. Let b be a(o). What is p(b)?
2
Suppose 4*b + 28 = u + 3*u, 23 = 5*u - 2*b. Let c(n) = 3 - n + u - 17 - 10. What is c(-12)?
-9
Let t(u) = u + 6. Let f(w) = -2. Let c(i) = f(i) + t(i). Let k(a) = 3 - 9 + 0*a**2 - 1 - 2*a**2. Let q be k(0). What is c(q)?
-3
Let s(l) = -l. Let c(o) = 5*o + 9. Let t(h) = c(h) + 4*s(h). Let w = -6266 - -6277. Give t(w).
20
Let t(f) = -f - 1. Let j(b) = 2*b. Let v be j(2). Let z(p) = -p**2 - 3*p + 14. Let h(q) = v*t(q) + z(q). Suppose 15995 - 569 = -4206*u - 14016. What is h(u)?
10
Let c(i) = 6*i + 19. Let x be c(-3). Suppose 0 = -2*t + 3 + 1. Let b(k) = -4*k**2 - 1 + 5*k**2 - 2*k**t - 36*k + 37*k. Give b(x).
-1
Let r(a) = 83*a**3 + a**2 + a + 1. Suppose 49 + 13 = -78*z - 16. Give r(z).
-82
Let y(z) = -6 - 2*z + 5*z + 13 + 3 - 9. Give y(1).
4
Let v(z) = -z**2 + 2*z + 12. Let d = -3971 - -3975. Calculate v(d).
4
Let w(f) = -6*f**2 + 10*f + 4. Suppose -3*y = 2*l - 9 + 7, 2*l + 6 = -5*y. Let h(x) = -5*x**2 + 8*x + 4. Let o(c) = l*h(c) - 6*w(c). What is o(4)?
4
Let n(h) = -3*h + 3. Let m be (-6)/16 + 24/64. Suppose m = -l, 45 = 5*s + 6*l - 4*l. Suppose -s*y + 26 = -19. Determine n(y).
-12
Let a(m) be the third derivative of m**7/5040 + m**6/48 + 121*m**5/60 + m**4/24 + 192*m**2. Let l(y) be the third derivative of a(y). Calculate l(-9).
6
Let b = 25 + -23. Suppose -u - 1 = 0, 4*s + 64 = 2*s + b*u. Let o = s - -38. Let a(f) = 2*f - 1. Give a(o).
9
Suppose -22*w + 18*w + 28 = 0. Let u(j) = -4*j + 28. Let f be u(w). Suppose 4*m = -12, 5*r - 8*r + 3*m + 3 = f. Let c(d) = 4*d. Give c(r).
-8
Let y(p) = -42 + 3*p - 2*p + 2*p**2 + 0*p - p**2 + 41. Calculate y(-5).
19
Let f(b) = -8*b**2 + 4*b + 4. Suppose 6*d = 3 + 99. Suppose 0 = -5*h + 22*h + d. Calculate f(h).
-8
Let f(p) = -33330*p + 2*p**3 + 33315*p - 2 - 3*p**3 + 16*p**2. Calculate f(15).
-2
Let y = 638 - 620. Let f(n) = y + 0*n - 4*n + 7*n - 4*n. Calculate f(9).
9
Let p(c) be the first derivative of c**4/4 - 16*c**3/3 + c**2 - 23*c - 2508. Give p(16).
9
Let m be 14736/(-2928) + (-56)/(-1708). Let f(o) be the third derivative of -o**6/120 - o**5/30 + o**4/3 + 2*o**3/3 - o**2. Give f(m).
39
Let x be 5 + 0/1 + -2. Let a(k) = x*k - 5 + 2 + 1 - k**2. Let b(z) = z**3 - 11*z**2 - 14*z + 28. Let p be b(12). Calculate a(p).
-6
Let g(u) = u - 11. Let p(i) = -i**2 - i + 2. Let m be (40/140)/((-2)/14). Let b be p(m). Let j be 0*(b + 4/8). Calculate g(j).
-11
Let a(l) = -l**3 + 16*l**2 - 36*l + 104. Let q be -3*(-32)/(-12) + (198 - 176). Give a(q).
-8
Let f(l) = 3779*l - 35 - 1263*l - 1260*l - 1255*l + 3*l**2. Determine f(5).
45
Let t(m) be the third derivative of m**5/60 - 3*m**4/8 + m**3 + 567*m**2. Determine t(2).
-8
Let o(j) = 2*j + 3. Let l be o(3). Let k(d) = 6*d + l*d - 18*d + 28. Let n be k(8). Let t(f) = f**2 - f - 5. Calculate t(n).
7
Let q(k) = -5*k + 56 - 51 + 0*k**2 + 7*k**2 - k**3. Let m(f) be the second derivative of -5*f**4/12 + 23*f**3/6 - 3*f**2 + 4*f. Let w be m(4). Give q(w).
11
Let n(z) = 2*z**3 - 30*z**2 + 2*z - 28. Let u = -11037 + 11052. Give n(u).
2
Suppose -4*o + 0*o - 12 = 0, 0 = 3*k - 4*o + 123. Let d = k + 39. Let s(q) = 150*q**3 - 151*q**3 - 7*q + 3 - 5*q**2 - q**2 - 3*q**2 + 2*q**2. Give s(d).
9
Let h(a) = -14*a**2 - 1149*a - 83. Let p be h(-82). Let d(m) = -5*m**3 + m**2 - 6*m - 6. Give d(p).
6
Let f(c) = -c**2 + 17*c + 1. Let v(a) = -a - 1. Let g = 155 + -161. Let i(k) = g*v(k) - f(k). What is i(10)?
-5
Let q(z) = -3*z**3 - 21*z**2 - 3*z + 10. Let f be 10/20 - (-795)/(-106). What is q(f)?
31
Let x(f) = -17*f - 320. Suppose -62 = 2*o + 8*c - 4*c, -5*o - 4*c = 119. Calculate x(o).
3
Let p(f) = 7*f + 7. Let l(h) = h**3 - 6*h**2 - 3*h + 12. Suppose 3*w - 40 + 22 = 0. Let r be l(w). What is p(r)?
-35
Suppose 13*n - 32*n + 52*n = -363. Let w(j) = 24*j + 275. Give w(n).
11
Let r be ((-2024)/(-110))/(2/5). Let v = -41 + r. Let k(s) = 3*s - 9. What is k(v)?
6
Let n(p) = -2*p**2 + 6. Let o(z) = -3*z**2 - 100*z - 612. Let i be o(-8). Give n(i).
-26
Let o be 0*3/9*((-14)/28 + 1). Let f(w) be the third derivative of -w**4/24 + 3*w**3/2 + w**2. Give f(o).
9
Let g(h) = -h - 14. Let l = -32659 - -32652. What is g(l)?
-7
Let l(n) be the first derivative of -n**2/2 - 2*n - 57. Suppose -4*a = -23 - 17. Let f be a/(-4)